, 83
What are the prime factors of 5827870?
2, 5, 19, 37, 829
What are the prime factors of 1367425?
5, 83, 659
List the prime factors of 3295992.
2, 3, 7, 23, 853
List the prime factors of 3471051.
3, 1157017
List the prime factors of 229985.
5, 7, 6571
What are the prime factors of 10619342?
2, 101, 52571
What are the prime factors of 4195793?
7, 599399
List the prime factors of 434787.
3, 37, 3917
List the prime factors of 265248.
2, 3, 307
What are the prime factors of 14781182?
2, 13, 751, 757
What are the prime factors of 24546585?
3, 5, 7, 233777
What are the prime factors of 460452?
2, 3, 38371
What are the prime factors of 25703457?
3, 13, 659063
What are the prime factors of 10708599?
3, 11, 324503
List the prime factors of 18491176.
2, 11, 210127
List the prime factors of 10146352.
2, 41, 15467
What are the prime factors of 167725?
5, 6709
List the prime factors of 2891615.
5, 17, 34019
List the prime factors of 58417.
58417
List the prime factors of 6371.
23, 277
List the prime factors of 5111500.
2, 5, 10223
What are the prime factors of 68728?
2, 11, 71
What are the prime factors of 5442533?
17, 320149
What are the prime factors of 713585?
5, 43, 3319
List the prime factors of 4481332.
2, 467, 2399
What are the prime factors of 1836352?
2, 7, 4099
What are the prime factors of 720694?
2, 13, 53, 523
What are the prime factors of 182578?
2, 11, 43, 193
What are the prime factors of 281425?
5, 11257
List the prime factors of 3284367.
3, 89, 12301
List the prime factors of 13487072.
2, 421471
What are the prime factors of 14944679?
14944679
List the prime factors of 3861760.
2, 5, 7, 431
List the prime factors of 25824980.
2, 5, 1291249
What are the prime factors of 14468725?
5, 23, 25163
List the prime factors of 1264369.
929, 1361
List the prime factors of 1042790.
2, 5, 7, 14897
List the prime factors of 1265195.
5, 137, 1847
List the prime factors of 230396.
2, 239, 241
List the prime factors of 314458.
2, 157229
What are the prime factors of 173369?
7, 24767
List the prime factors of 55715.
5, 11, 1013
What are the prime factors of 393405?
3, 5, 26227
List the prime factors of 1898805.
3, 5, 103, 1229
What are the prime factors of 11305933?
11305933
What are the prime factors of 11822743?
11822743
What are the prime factors of 11442389?
7, 19, 227, 379
What are the prime factors of 1482115?
5, 461, 643
List the prime factors of 23437091.
3433, 6827
List the prime factors of 20374338.
2, 3, 3395723
List the prime factors of 1943804.
2, 67, 7253
What are the prime factors of 26164568?
2, 3270571
List the prime factors of 3205250.
2, 5, 12821
What are the prime factors of 4341024?
2, 3, 15073
List the prime factors of 724237.
449, 1613
What are the prime factors of 1084656?
2, 3, 59, 383
List the prime factors of 2298381.
3, 766127
List the prime factors of 420187.
23, 18269
What are the prime factors of 1667147?
1667147
What are the prime factors of 85266?
2, 3, 1579
What are the prime factors of 4761581?
11, 17, 25463
List the prime factors of 13605974.
2, 43, 158209
What are the prime factors of 408769?
408769
List the prime factors of 27515855.
5, 1297, 4243
List the prime factors of 317020.
2, 5, 11, 131
List the prime factors of 540690.
2, 3, 5, 67, 269
What are the prime factors of 21950078?
2, 73, 150343
What are the prime factors of 139431?
3, 46477
What are the prime factors of 77677?
173, 449
List the prime factors of 6934749.
3, 2311583
List the prime factors of 7047786.
2, 3, 43, 59, 463
List the prime factors of 4720063.
547, 8629
List the prime factors of 5848662.
2, 3, 29, 33613
What are the prime factors of 88239?
3, 67, 439
List the prime factors of 197824.
2, 11, 281
What are the prime factors of 25265601?
3, 271, 1151
What are the prime factors of 423185?
5, 7, 107, 113
What are the prime factors of 17832222?
2, 3, 19, 23, 2267
What are the prime factors of 3880869?
3, 223, 5801
What are the prime factors of 494198?
2, 247099
What are the prime factors of 13464416?
2, 7, 31, 277
What are the prime factors of 2749246?
2, 337, 4079
What are the prime factors of 1230006?
2, 3, 29, 7069
List the prime factors of 4830965.
5, 29, 33317
What are the prime factors of 2339770?
2, 5, 83, 2819
List the prime factors of 1420875.
3, 5, 421
What are the prime factors of 8182657?
7, 41, 4073
What are the prime factors of 22730744?
2, 853, 3331
What are the prime factors of 219228?
2, 3, 18269
What are the prime factors of 141496?
2, 23, 769
List the prime factors of 731048.
2, 91381
List the prime factors of 12567296.
2, 7, 7013
What are the prime factors of 5806430?
2, 5, 7, 109, 761
What are the prime factors of 290564?
2, 17, 4273
List the prime factors of 873300.
2, 3, 5, 41, 71
List the prime factors of 10783320.
2, 3, 5, 23, 3907
List the prime factors of 235512.
2, 3, 3271
List the prime factors of 6922736.
2, 73, 5927
List the prime factors of 31702013.
7, 19, 238361
What are the prime factors of 585978?
2, 3, 127, 769
List the prime factors of 1106564.
2, 17, 16273
What are the prime factors of 199005?
3, 5, 13267
What are the prime factors of 2731915?
5, 19, 149, 193
What are the prime factors of 206606?
2, 19, 5437
What are the prime factors of 677269?
71, 9539
List the prime factors of 266583.
3, 88861
List the prime factors of 4388268.
2, 3, 365689
List the prime factors of 302840.
2, 5, 67, 113
What are the prime factors of 7792046?
2, 3896023
List the prime factors of 1357607.
19, 71453
What are the prime factors of 45145?
5, 9029
What are the prime factors of 1680629?
233, 7213
What are the prime factors of 9520387?
19, 109, 4597
What are the prime factors of 35114129?
17, 1367, 1511
List the prime factors of 668672.
2, 653
What are the prime factors of 3852314?
2, 1926157
List the prime factors of 4260576.
2, 3, 44381
List the prime factors of 1812789.
3, 11, 18311
List the prime factors of 1863529.
23, 81023
What are the prime factors of 103644?
2, 3, 2879
What are the prime factors of 3152231?
1061, 2971
What are the prime factors of 35969?
35969
List the prime factors of 972416.
2, 71, 107
What are the prime factors of 112352?
2, 3511
What are the prime factors of 737175?
3, 5, 9829
What are the prime factors of 243338?
2, 17, 421
What are the prime factors of 7013227?
13, 539479
List the prime factors of 898607.
898607
What are the prime factors of 3707073?
3, 31, 43, 103
List the prime factors of 20470008.
2, 3, 13, 65609
List the prime factors of 185358.
2, 3, 30893
List the prime factors of 490662.
2, 3, 27259
What are the prime factors of 20120548?
2, 7, 29, 71, 349
What are the prime factors of 309512?
2, 7, 5527
What are the prime factors of 2265016?
2, 13, 29, 751
What are the prime factors of 10054416?
2, 3, 29, 31, 233
What are the prime factors of 213396?
2, 3, 17783
What are the prime factors of 82327?
7, 19, 619
What are the prime factors of 2482690?
2, 5, 7, 29, 1223
List the prime factors of 1589019.
3, 529673
List the prime factors of 938801.
37, 25373
What are the prime factors of 24728?
2, 11, 281
What are the prime factors of 518790?
2, 3, 5, 17293
What are the prime factors of 1180422?
2, 3, 65579
What are the prime factors of 215050?
2, 5, 11, 17, 23
What are the prime factors of 136109?
131, 1039
List the prime factors of 983126.
2, 379, 1297
What are the prime factors of 3432899?
3432899
What are the prime factors of 737096?
2, 199, 463
What are the prime factors of 1024792?
2, 128099
List the prime factors of 301.
7, 43
What are the prime factors of 782671?
782671
What are the prime factors of 39071743?
39071743
What are the prime factors of 415382?
2, 11, 79, 239
What are the prime factors of 1318145?
5, 113, 2333
What are the prime factors of 1271198?
2, 635599
What are the prime factors of 3937125?
3, 5, 10499
What are the prime factors of 2695120?
2, 5, 59, 571
What are the prime factors of 200471?
307, 653
What are the prime factors of 2082272?
2, 65071
What are the prime factors of 4219083?
3, 11, 19, 2243
List the prime factors of 5663782.
2, 47, 89, 677
List the prime factors of 4496211.
3, 17, 29387
List the prime factors of 23477557.
23477557
List the prime factors of 276083.
276083
List the prime factors of 696435.
3, 5, 29, 1601
What are the prime factors of 3323418